) + -3). Suppose -c*q + 64 = -2174. What are the prime factors of q?
373
What are the prime factors of (240/20 + 10066)/((-4)/(-2))?
5039
Let l = -7 + 519. Suppose -4*u + 2*o = -l, -5*u + 431 + 215 = -4*o. What are the prime factors of u?
2, 3, 7
Let x = -35 - -33. Let t be (-4)/(0 + x) + 2. List the prime factors of 2/(340/84 - t).
2, 3, 7
Suppose -z + 3*z = -52. Let i be (9/(108/30))/(1/z). List the prime factors of (i/(-25))/(1/5).
13
What are the prime factors of 8450/4 - (2/(-4))/(-1)?
2, 3, 11
Let o be -20*3/(-6)*1/2. Suppose o*c - 4*c - 2 = 0. Suppose -c*l + 24 + 70 = 0. List the prime factors of l.
47
Suppose -692*c = -203*c + 134*c - 17255231. What are the prime factors of c?
27697
Suppose 5*l = 2*v + 22, 4*l - v - 28 + 8 = 0. Suppose 0 = 15*c - l*c - 11538. List the prime factors of c.
2, 641
Let y = 488 - 1059. Let p = y + 1130. List the prime factors of p.
13, 43
Let q = 107 - 284. Let f be 2/8 + 9855/36. Let i = f + q. What are the prime factors of i?
97
Suppose -11*o = -10*o + 3*h, -3*o + 14 = -5*h. Let b = -2 - -11. Suppose -o*g - 390 = -b*g. List the prime factors of g.
5, 13
Suppose 1438454 = -116*h + 4233706. What are the prime factors of h?
24097
Let g(b) = -72 + 40 + 17*b + 2*b**2 + 40 - 3*b. Let x be g(-13). List the prime factors of ((-28)/(-8) - 3)*x.
2, 41
Let r = 11747 - 4173. List the prime factors of r.
2, 7, 541
Suppose -4*t + 6020 = -x - x, -4*x - 1519 = -t. List the prime factors of (25/(-9) - (-24)/(-108)) + t.
2, 3, 5
Suppose 3*x - 70 = -2*x. Let a(y) = 3*y**3 - 5*y**2 - 3*y - 10. Let r be a(3). Suppose r = g + x. What are the prime factors of g?
3
Let d be -1 + 3 - (-253)/1. Let s = d - 153. Suppose -3 = -5*w + s. List the prime factors of w.
3, 7
Let a(s) = 15*s**3 + 8*s - s**2 + 0*s**2 - s**2 - 16*s**3. Let g be a(-4). Suppose g = -3*p + 2*t - 0*t + 397, -8 = 4*t. What are the prime factors of p?
131
Let s = 974 + -545. Suppose y - s - 376 = 0. List the prime factors of y.
5, 7, 23
Let p(k) be the second derivative of 7*k + 0 + 1/20*k**5 + 1/12*k**4 + 7*k**2 - 1/6*k**3. What are the prime factors of p(0)?
2, 7
Let n = -328 + 320. List the prime factors of (n/(-2))/(4/314).
2, 157
Let n(j) = -3*j - 40. Suppose 0 = y - 5*l - 5, -5*y - 2*l + 3*l - 71 = 0. Let w be n(y). Suppose 5*a - 885 = 5*v, 0 = w*v + 24 - 4. List the prime factors of a.
173
Let d(h) = -h**3 + 18*h**2 + 39*h + 28. Let w be d(20). Suppose 0 = -w*g + 5*g + 147. List the prime factors of g.
7
Let r(l) = 2*l**3 + 4*l**2 + 5*l + 25. Let y be r(-3). What are the prime factors of 12915/18 - (-4)/y?
3, 239
Suppose 2*f = -s + 6, 3*s - 4 = 4*f - 6. Suppose f*a = z - 15, 5*a + 0*a = -4*z - 70. List the prime factors of (a*15)/(12/(-8)).
2, 5
Let w = -51 - -40. Let u = 6 + w. Let h(g) = -12*g + 10. What are the prime factors of h(u)?
2, 5, 7
Let f be (-48)/(-64)*(-8)/6 - -28. Let x(l) = l**3 - 3*l**2 - 5*l + 6. Let h be x(4). List the prime factors of (3/(-3) - h)/(f/(-2151)).
239
Let c(d) = 21*d**2 - 57*d - 17. List the prime factors of c(11).
7, 271
Let t be 2/(-2 - 216/(-109)). Let v = -66 - t. Let q = v + -2. List the prime factors of q.
41
Let d(b) = -6*b - 7 + 0 - 5 + 0. Let y be d(-2). Suppose -r - 2*o - o + 165 = y, 2*r + 5*o - 333 = 0. List the prime factors of r.
2, 3, 29
Let n(b) = -66*b - 66. Let w be n(-13). Let f = w + -290. What are the prime factors of f?
2, 251
Let q = 27078 - 7780. What are the prime factors of q?
2, 9649
Suppose 5*b = 5*l + 1915, -7*b - 2*l = -2*b - 1894. Let q = -236 + b. List the prime factors of q.
2, 3
Let x(j) = -218*j**3 + 440*j**3 - 223*j**3 + 31*j - 17 + 20*j**2. List the prime factors of x(21).
193
Suppose -11*m - 209435 = -374575 - 394551. List the prime factors of m.
17, 41, 73
Let c(x) = 1435*x - 5316. List the prime factors of c(16).
2, 11, 401
Let t = -88809 - -148762. List the prime factors of t.
167, 359
Let c = 26272 + -18486. List the prime factors of c.
2, 17, 229
Let s = 212 + -207. Suppose -5*h = s*o - 1270, 19*h = 4*o + 16*h - 1002. List the prime factors of o.
2, 3, 7
Suppose 2*y - 6432 = -4*q + 5386, 3*q - 14*y = 8755. List the prime factors of q.
13, 227
Let d(t) = 6*t - 44. Let g be d(6). List the prime factors of ((-895)/(-20))/(g/(-64)).
2, 179
Let i = -3825 - -7914. List the prime factors of i/9 - 3/(-27)*-3.
2, 227
Let g(k) = -k**3 - 11*k**2 - 9*k + 10. Let v be g(-10). Suppose -34*j + 38*j - 1640 = v. What are the prime factors of j?
2, 5, 41
Let z(d) be the first derivative of 37*d**3 - d**2/2 + 2*d - 106. What are the prime factors of z(1)?
2, 7
Let y = 1080 - 1537. Let t = -126 - y. List the prime factors of t.
331
Let a(g) = -700*g + 47. Let r be a(-3). Suppose 5*y = 7*p - 5*p - r, 0 = -3*p - y + 3212. What are the prime factors of p?
3, 7, 17
Let l be ((-2)/(-6))/((-18)/(-108)). Let h(j) be the second derivative of 5*j**4/12 + j**2/2 + 22*j. List the prime factors of h(l).
3, 7
Suppose 0 = 117*k - 28*k - 150232. List the prime factors of k.
2, 211
Let q(m) be the third derivative of -1/60*m**5 - 3/40*m**6 - 12*m**2 - 1/6*m**3 + 0*m + 1/12*m**4 + 0. List the prime factors of q(-3).
227
Let w = 5 + -11. Let r(g) = g + 20. Let x be r(w). List the prime factors of 128 - ((-20)/(-28) + 4/x).
127
Suppose -5*j = 4*l - 509, 2*j + 764 - 262 = 4*l. Suppose -5*k + 10*k = r - 47, k + 1 = -4*r. What are the prime factors of (2 - (-12)/k)*l?
2, 3, 7
Suppose -15146 = -5*k + 7329. List the prime factors of k.
5, 29, 31
Suppose 0 = 2*z, 3*z = -8*x + 6*x - 20. Let p(k) = -k**3 - 7*k**2 - 19*k - 13. List the prime factors of p(x).
3, 53
Let u(k) = 4*k - 31. Let h be u(9). Suppose p + 5*c + h = -0*p, 5*c = -3*p + 5. Suppose -p*x + x = -320. What are the prime factors of x?
2, 5
Suppose -4*f - w = -5*f + 5, -w + 3 = f. Suppose -3*y = -f*y. Suppose y = -d + 58 + 88. List the prime factors of d.
2, 73
Suppose 6 = 2*m - 6. Let d be -382*(2 + (-15)/m). Suppose -5*z = -2*c + 167, -3*z - d = -3*c + 73. List the prime factors of c.
7, 13
Suppose -24580 = -2*g - 2*b, 4*g + 386*b - 49166 = 388*b. What are the prime factors of g?
3, 17, 241
Let m = 27 - 79. Let l be -2 + 4 + 1 + m/(-4). Suppose -30 = -21*w + l*w. What are the prime factors of w?
2, 3
Suppose y + 9 = 5*t, 2*y = 2*t - t. List the prime factors of (2/(-8))/(t*(-3)/120).
5
Let u = -79 - -76. Let s(i) = -76*i - 8. List the prime factors of s(u).
2, 5, 11
Let s = 50 - 48. Suppose 0 = -5*y + s*w - w + 2651, y + w = 529. List the prime factors of y.
2, 5, 53
What are the prime factors of ((-614238)/8 - (-27)/(-36))*10/(-15)?
17, 3011
Suppose 2*a = -4*n + 202706, 5*a - 202703 = 70*n - 74*n. List the prime factors of n.
11, 17, 271
Let r(y) = 38 - 69 - 564*y + 540*y + 9*y**2 - 67. List the prime factors of r(-8).
2, 5, 67
Suppose 28184 = 5*s - 37*r + 36*r, 4*r = -2*s + 11278. List the prime factors of s.
3, 1879
Let d = -731 + 1318. Suppose -3411 = -590*m + d*m. List the prime factors of m.
3, 379
Suppose h - 5*w = 3018, 168*h = 170*h + 3*w - 6023. List the prime factors of h.
23, 131
Suppose -5*z - 105 = -30. Let v be 9/z - (-3)/5. Suppose 4*i + 3*w - 525 = 0, v*i + 5*w + 372 = 3*i. What are the prime factors of i?
3, 43
Let o be -2 + 3 + (-6)/(-2). Suppose -3*t + 2*d = -665, -4*t + 535 = -o*d - 353. What are the prime factors of t?
13, 17
Let b = -38 - -78. Suppose 3*p = -7*p + b. Suppose 88 = 2*t + 5*j, 5*t + 3*j - 274 = p*j. List the prime factors of t.
2, 3
Let k = 140 + -138. Let c(w) = 57*w**3 + w**2 - 2*w + 1. List the prime factors of c(k).
457
What are the prime factors of 1 + (17/((-102)/(-24)) - (2 - 9933))?
2, 3, 23
Let h = -1011 + 532. Let u = -134 - h. List the prime factors of u.
3, 5, 23
Suppose -333*m + 15 = -328*m. Suppose 0 = -g + 3*p + 113, -2*p - 391 = -m*g - 6*p. What are the prime factors of g?
5
Let s be 15/10*-5*(-4)/(-6). Let h(c) = -70*c - 15. What are the prime factors of h(s)?
5, 67
What are the prime factors of 94644/(-72)*3636/(-99)?
2, 101, 239
Suppose -31947 = -3*b + 3150. What are the prime factors of b?
11699
Let j(d) = 26*d**2 - 64*d + 1016. List the prime factors of j(35).
2, 15313
Suppose -3*q + 55866 = 91*l - 88*l, l - 5*q - 18610 = 0. List the prime factors of l.
2, 5, 7, 19
List the prime factors of -2*(9/(-6) + 1) - -847*1.
2, 53
Suppose -2*n + 962 = 4*j, -1950 = -n - 3*n + 5*j. Let z = -317 + n. What are the 